 What is the remainder when c is divided by 28?
22
Suppose 0 = -2*c + 24 + 28. Let j = c + 1. Calculate the remainder when j is divided by 15.
12
Let v(k) = -3*k + 25. Let i(g) = -g + 8. Let h(r) = -11*i(r) + 4*v(r). Calculate the remainder when h(5) is divided by 4.
3
Suppose 46*d = 44*d + 32. Calculate the remainder when 23 is divided by d.
7
Let o(q) = q**2 - q + 1. Suppose -2*j + 12 = j. What is the remainder when (-3 + 2 + -99)*(-2)/4 is divided by o(j)?
11
Suppose 0 = -4*g + 4*p + 28, -5*p + 41 = 3*g - 3*p. Suppose -35 = 4*r - 9*r. What is the remainder when g is divided by r?
4
Suppose -5*z - g + 60 = 4*g, 0 = 5*g - 25. What is the remainder when 9 is divided by z?
2
Let x be 3/(-6)*1*-4. Let z(k) = 2*k**3 - k**2 - k + 1. Calculate the remainder when 31 is divided by z(x).
9
Let l(r) = 2*r - 5*r + 1 + 0 - r. Calculate the remainder when 33 is divided by l(-2).
6
Suppose 0 = k - 2*f + 5*f - 5, 3*k = 4*f + 41. Let t = k + -7. Suppose -5*z + 172 = -a, a - 143 = -0*z - t*z. Calculate the remainder when z is divided by 12.
11
Suppose 3*o - 45 = 2*i, -3*i - 61 = -4*o - 0*i. Calculate the remainder when (-1)/4*-4 - -38 - 3 is divided by o.
10
Suppose 2*q - 14 - 2 = 0. Suppose 7*u - q*u = -8. Calculate the remainder when u is divided by 5.
3
Suppose -4*j + q - 22 = -0, -4*j + 5*q - 30 = 0. Calculate the remainder when (-6)/(-15) - 338/j is divided by 23.
22
Let f be 1/(3/(-900)*-3). Suppose 5*h - h = f. Calculate the remainder when h is divided by 7.
4
Suppose -i + 0*i = -36. Suppose 3*y - i = -y. What is the remainder when y is divided by 6?
3
Let k(c) = c**2 - c + 2. Let q be k(3). Suppose -2*u = -0 - 62. Calculate the remainder when u is divided by 2/q + 86/8.
9
Let s = -2 + 17. Suppose 5*n = 4*n + 1, -4*c + 4*n + 108 = 0. Calculate the remainder when c is divided by s.
13
Let y(k) = -3*k - 18. What is the remainder when 11 is divided by y(-7)?
2
Let t = 46 - 29. Calculate the remainder when 152 is divided by t.
16
Suppose 3*l + 21 = -3*i, -4*i - 2 - 2 = -4*l. Let q(g) = 4 - 4*g + 2*g - 7*g. Calculate the remainder when q(i) is divided by 21.
19
Let x(y) = -5*y + 3. Suppose 436 = -n + 5*n. Calculate the remainder when n is divided by x(-5).
25
What is the remainder when 8 is divided by (-4)/(-8 + 0)*10?
3
Let t(n) = -3*n + 10. Suppose -l + 3*c - 3 = 0, -4*l = -4*c + c - 6. Calculate the remainder when 3 is divided by t(l).
0
Suppose 2*c - 5*z - 5 = -2*z, -4*c + 55 = 3*z. What is the remainder when 48 is divided by c?
8
Suppose 0 = -2*o + 3*t - 7 + 29, 0 = 4*o - 3*t - 32. Suppose -3*i = -2*q - 178, -199 = -o*i - 4*q + 83. Calculate the remainder when i is divided by 15.
13
Suppose -q + 122 - 18 = 0. What is the remainder when q is divided by 21?
20
Let x = 24 - 12. Let k(g) = 5*g - 6. Let b(j) = 6*j - 7. Let p(q) = 2*b(q) - 3*k(q). Calculate the remainder when p(-6) is divided by x.
10
Let r(b) = 34*b**2. Let a = -9 + 8. What is the remainder when r(a) is divided by 18?
16
Let d = -16 - -16. Let p = d - -4. Calculate the remainder when p is divided by 2.
0
Let v = 82 - 64. What is the remainder when v is divided by 7?
4
Let v(d) = d**2 - d - 1. Let w be v(-2). Suppose l - w = -1. Suppose -l*q - 9 = -57. Calculate the remainder when 22 is divided by q.
10
Suppose -5*m + 2*t - 1 = -11, t + 4 = 2*m. Suppose 0 = 2*f + m*k - 0*k - 14, 3*k - 1 = -f. Calculate the remainder when 29 is divided by f.
9
Let d(h) = -3*h - 27. What is the remainder when 73 is divided by d(-16)?
10
Let g(q) = -q**2 + 11*q - 14. Let w be g(10). Let t(l) = l + 8. Let c be t(0). Let v = c - w. Calculate the remainder when 22 is divided by v.
10
Let g(b) = b. Let i(x) = -x**2 + 5*x + 1. Let h be i(4). Suppose h*w - 3 = 7. Calculate the remainder when w is divided by g(2).
0
Let m(s) = -s**2 + 11*s - 6. What is the remainder when 43 is divided by m(7)?
21
Suppose -54*m + 51*m + 30 = 0. Calculate the remainder when 28 is divided by m.
8
Suppose -10*m - 1 = -171. What is the remainder when m is divided by 6?
5
Suppose 259 = 4*k + 5*x, -x = k - 12 - 53. What is the remainder when k is divided by 23?
20
Let p = 98 + 88. Suppose -1 + 7 = 2*c. Calculate the remainder when p/9 - 2/c is divided by 7.
6
Let n = 15 + -9. Suppose 5*b - n = 9. Calculate the remainder when 13 - (3 + (2 - 3)) is divided by b.
2
Let x = -16 - -27. Let t = 15 - x. Suppose t*r + 3*s = 20, 8*s - 25 = -5*r + 3*s. What is the remainder when r is divided by 4?
1
What is the remainder when 20 is divided by (-14)/105 + 184/30?
2
Let a = -7 + 15. Suppose 6 + a = 2*x. What is the remainder when -7 - -4 - 1*-22 is divided by x?
5
Let h(p) = -p - 7. Suppose -4*q = -7 - 5. Suppose q*o - 11 - 16 = 0. Calculate the remainder when o is divided by h(-12).
4
Suppose -40 = -j - j. Suppose 0 = -0*q + 5*q - 2*v - 12, 0 = 5*q - 5*v. Suppose 3*m = -n + 4, q*n - 2*m - 29 = -m. What is the remainder when j is divided by n?
6
Suppose -12*i + 17*i = 205. Calculate the remainder when i is divided by 11.
8
Suppose 3*a + 0*a = 4*i - 48, 0 = -5*a - 20. What is the remainder when 16 is divided by i?
7
Suppose -4*v + 60 = -0*v. What is the remainder when v is divided by 9?
6
Suppose -5*y + 5 = 0, -4*z + 3*y = -101 + 4. Let v = 5 + z. Calculate the remainder when v is divided by (-468)/(-30) - (-2)/5.
14
Let g(a) = 5*a**2 - 2*a + 4. Let x = -9 + 13. Let u be g(x). Suppose y + y - u = 0. Calculate the remainder when y is divided by 20.
18
Let p be 4/(2/(-7)*1). Let j = p - -21. Calculate the remainder when j is divided by 4.
3
Suppose -5*p + 3*g = -73, 20 + 77 = 5*p + 3*g. Let j(s) = s + 3. Let o be j(-3). Suppose -2*w + 13 - 1 = o. What is the remainder when p is divided by w?
5
Let u be (7 + 1)/2 - 2. Calculate the remainder when 14 + -2 + u*-1 is divided by 4.
2
Suppose 3*u + 3*y = 61 - 19, -6 = -3*y. What is the remainder when 25 is divided by (9/(-6))/((-2)/u)?
7
Let w(x) = -3*x - 15. What is the remainder when w(-13) is divided by 7?
3
Let n be ((-12)/5)/(2/(-30)). Suppose 0 = -3*t + t - 6. Let i = n - t. What is the remainder when i is divided by 10?
9
Let a(d) = -3*d - 7. Let s(z) = -z**2 + 15*z - 5. Calculate the remainder when s(13) is divided by a(-6).
10
Let q = 46 + -16. Let j(k) = -k + q*k**2 - 9*k**2 + 0 - 1. Calculate the remainder when 62 is divided by j(-1).
20
Suppose 4*h + h = -5*a - 40, -3*h = -4*a + 10. Let q = 446 - 290. What is the remainder when 0 - -1 - q/h is divided by 14?
13
Suppose 21 = 5*l + 2*b, 8 - 29 = -3*l - 4*b. Calculate the remainder when 8 is divided by l.
2
Calculate the remainder when (((-162)/(-15))/2)/((-1)/(-5)) is divided by 6.
3
Suppose 4*c - 10 = p, -2*p = -p + 5*c - 17. Suppose -p*f = -f - 12. Let i = 26 - 3. Calculate the remainder when i is divided by f.
11
Let b = -36 + 46. What is the remainder when 27 is divided by b?
7
Let f(p) = p**2 - 1. Let s be f(-2). Suppose 2*o - 65 = -s*o. Suppose k + 0*k = o. What is the remainder when 25 is divided by k?
12
Suppose 2*r - 3*f - 15 = 0, -12 = -2*r - 2*f + 18. Let a(q) = 6*q - 1. Let o be a(2). Let s = o + 11. What is the remainder when s is divided by r?
10
Let r(i) = -2*i**2 - 28*i + 17. What is the remainder when r(-13) is divided by 15?
13
Let i(l) = l**3 - l**2 - 3*l + 17. Calculate the remainder when 134 is divided by i(0).
15
Suppose u + 178 = 3*u. Calculate the remainder when u is divided by 18.
17
Suppose 0*m - 12 = -m. Suppose 0*u + 2*u - 3*g = 94, 0 = -3*g - m. What is the remainder when u is divided by 14?
13
Let l(r) = 8*r**3 + 4*r**2 - 3*r. Let u be l(2). What is the remainder when u/4 - 1/2 is divided by 5?
3
Let c be -43*12/(3 - 7). Suppose c = 3*j + 3. What is the remainder when j is divided by 11?
9
Let c = 33 + -19. Calculate the remainder when 26 is divided by c.
12
Let o be 2 - (-1 + 2 + -1). Let w(s) = -s**2 + 7*s - 9. Calculate the remainder when w(5) is divided by (0/o + -2)/(-2).
0
Let v be 12/(-2)*3/(-9). Suppose 3*t = 2*j - 15, j + 5 - 2 = -v*t. Calculate the remainder when 43 is divided by (-67)/t - 6/18.
21
Let u(t) = 2 + 4*t - t**3 - 5*t**2 + 5 + 0*t**3 + 0*t**2. What is the remainder when u(-6) is divided by 11?
8
Suppose -5*z - 28 + 198 = 0. Calculate the remainder when z is divided by 7.
6
Suppose -3*o - w + 38 = 0, 62 = 3*o - 2*w - 3*w. Let p = o + -2. Let m = -15 - -22. What is the remainder when p is divided b